 a composite number?
False
Is 4252091 a composite number?
True
Is 2051557 a prime number?
False
Is 3096959 a composite number?
False
Is 273977 a composite number?
True
Is 18459253 a prime number?
False
Is 193789 a composite number?
False
Is 2715809 prime?
True
Is 866422117 a prime number?
False
Is 599231 prime?
True
Is 214758755 a prime number?
False
Is 13619 a prime number?
True
Is 1741171 a composite number?
False
Is 655486753 a prime number?
True
Is 5853217 composite?
False
Is 107467 a prime number?
True
Is 70426403 prime?
False
Is 218724577 composite?
False
Is 131660545 a prime number?
False
Is 2315861 composite?
False
Is 964433 a composite number?
False
Is 10404491 a prime number?
True
Is 84308153 a composite number?
True
Is 162901441 a prime number?
True
Is 1634194723 composite?
True
Is 14508349 prime?
True
Is 4815049 a prime number?
False
Is 39996533 prime?
True
Is 8556911 composite?
True
Is 438252013 prime?
False
Is 2750363501 composite?
False
Is 10554191 prime?
False
Is 2057963 a composite number?
True
Is 20140429 prime?
True
Is 92363413 composite?
True
Is 86491841 a prime number?
False
Is 224101961 a prime number?
True
Is 152617 prime?
True
Is 4987067 a prime number?
False
Is 1014029 a prime number?
True
Is 2734007 a prime number?
True
Is 19110251 composite?
True
Is 306643 composite?
False
Is 293726393 prime?
True
Is 270293 composite?
True
Is 21364391 a prime number?
False
Is 160916701 prime?
False
Is 1849667 a composite number?
True
Is 43425029 composite?
False
Is 9714071 a composite number?
True
Is 1113421 composite?
False
Is 2226307 a prime number?
True
Is 28897663 prime?
True
Is 2261341 a prime number?
False
Is 414949 composite?
False
Is 539207 a composite number?
False
Is 3203909 prime?
True
Is 253044317 composite?
False
Is 10812859 a composite number?
False
Is 10100911 composite?
True
Is 1089793 a prime number?
True
Is 31009103 prime?
True
Is 5988527 composite?
True
Is 25149143 prime?
False
Is 235447453 a composite number?
True
Is 279688295 a composite number?
True
Is 40648913 composite?
False
Is 5866451 a prime number?
True
Is 967016873 a prime number?
True
Is 235043 a composite number?
False
Is 59625717 a composite number?
True
Is 10067023 a composite number?
False
Is 118030439 composite?
True
Is 3230093 prime?
True
Is 25185371 a prime number?
False
Is 389579 a composite number?
False
Is 174709181 a prime number?
False
Is 1572412183 prime?
True
Is 97806157 a prime number?
True
Is 805262 a composite number?
True
Is 61734149 composite?
True
Is 13628603 prime?
True
Is 24138029 prime?
True
Is 8540951 a composite number?
True
Is 6285427 a prime number?
False
Is 53730407 a prime number?
True
Is 181832311 prime?
False
Is 517711 prime?
True
Is 324467753 a composite number?
False
Is 36001241 composite?
False
Is 1607273 a prime number?
True
Is 1504903 composite?
False
Is 143108915 prime?
False
Is 11268253 prime?
True
Is 10808617 composite?
True
Is 1700801 a composite number?
False
Is 12654805 a prime number?
False
Is 1186541 a prime number?
True
Is 33490837 a composite number?
True
Is 382764041 composite?
True
Is 1140001 a prime number?
False
Is 11774369 prime?
True
Is 13641811 composite?
False
Is 11331031 a composite number?
False
Is 255802661 prime?
True
Is 4356553 prime?
True
Is 21146653 composite?
True
Is 2328463 a composite number?
False
Is 69909823 composite?
True
Is 8467513 a prime number?
False
Is 4238861 composite?
True
Is 490229 prime?
False
Is 1226543 composite?
True
Is 3897389 a prime number?
True
Is 11209573 a prime number?
False
Is 6505043 composite?
False
Is 1837502 composite?
True
Is 97083473 a composite number?
True
Is 1702522 a prime number?
False
Is 89252051 composite?
True
Is 1062343 prime?
True
Is 166290937 prime?
False
Is 40358803 composite?
False
Is 42147647 a prime number?
True
Is 8829503 prime?
True
Is 2383019 composite?
False
Is 2527331 a prime number?
False
Is 197478083 a composite number?
True
Is 140484073 prime?
False
Is 458621 a prime number?
True
Is 2615243 composite?
False
Is 56669941 a prime number?
True
Is 226162861 composite?
False
Is 49933579 a prime number?
False
Is 48834691 a prime number?
True
Is 304257871 a prime number?
True
Is 711719131 a composite number?
True
Is 768077447 composite?
False
Is 4338491 prime?
True
Is 954437 a composite number?
True
Is 10393679 composite?
False
Is 441300011 composite?
True
Is 7263901 composite?
False
Is 16833161 prime?
True
Is 15016937 a composite number?
True
Is 124614137 a composite number?
False
Is 5507803 a prime number?
False
Is 887693 prime?
True
Is 1435073 composite?
True
Is 11799979 composite?
False
Is 9615257 prime?
True
Is 3699373 prime?
True
Is 19425261 composite?
True
Is 1453237 a prime number?
False
Is 377229203 a composite number?
True
Is 11779391 prime?
False
Is 62008091 composite?
True
Is 11655281 a composite number?
True
Is 5368027 a composite number?
True
Is 5149619 a composite number?
False
Is 17813099 a prime number?
False
Is 237317 prime?
False
Is 33957433 a prime number?
True
Is 13991739 prime?
False
Is 232912313 a prime number?
False
Is 5274551 prime?
True
Is 278671 a composite number?
False
Is 8134349 prime?
True
Is 184283027 a composite number?
False
Is 27845681 a composite number?
True
Is 38356099 a prime number?
False
Is 107301473 prime?
False
Is 57430273 a prime number?
False
Is 63532603 a prime number?
True
Is 1207751 a composite number?
False
Is 52514983 a composite number?
False
Is 55725009 a prime number?
False
Is 611139163 a composite number?
False
Is 2165957 composite?
False
Is 40746161 a prime number?
False
Is 74300761 prime?
False
Is 53279063 a prime number?
False
Is 46366433 prime?
True
Is 81606493 a prime number?
False
Is 354209 composite?
False
Is 18877631 a prime number?
True
Is 2031691 a prime number?
True
Is 6154801 a composite number?
True
Is 168897767 a prime number?
True
Is 5163029 a composite number?
True
Is 79494847 a prime number?
True
Is 41649023 composite?
True
Is 21480541 a prime number?
True
Is 2236943 a prime number?
True
Is 120740887 a composite number?
True
Is 3788833 a composite number?
False
Is 18715397 a prime number?
False
Is 1107642649 a composite number?
True
Is 409237 a prime number?
True
Is 389489 a composite number?
True
Is 26186179 a prime number?
False
Is 463847 composite?
True
Is 6092201 a prime number?
False
Is 7238927 prime?
True
Is 115178197 a prime number?
True
Is 67475047 composite?
False
Is 11461129 composite?
True
Is 1227269 a composite number?
True
Is 9697573 prime?
True
Is 64282213 a prime number?
False
Is 885679 a composite number?
False
Is 348984943 a composite number?
True
Is 1631143 prime?
True
Is 776077 prime?
True
Is 1390457 composite?
False
Is 69802307 prime?
True
Is 512659 a composite number?
True
Is 2410631 prime?
True
Is 2179391 a composite number?
False
Is 2042783 a prime number?
True
Is 13507207 composite?
True
Is 17871157 a composite number?
True
Is 11905303 a composite number?
False
Is 8990803 a composite number?
False
Is 15257807 a composite number?
True
Is 4549789 a composite number?
False
Is 70533059 a composite number?
False
Is 67919087 a prime number?
False
Is 392228483 composite?
True
Is 87745033 a prime number?
True
Is 55166911 prime?
True
Is 568199 composite?
True
Is 15633137 prime?
False
Is 507643 prime?
False
Is 33723101 a composite number?
True
Is 784979 prime?
False
Is 164208221 composite?
False
Is 5430329 composite?
False
Is 41431913 a prime number?
False
Is 126395239 composite?
True
Is 54133669 a composite number?
False
Is 9210529 prime?
False
Is 76047427 a prime number?
True
Is 918089 a prime number?
True
Is 4728989 composite?
False
Is 333923 a composite number?
False
Is 22302263 prime?
True
Is 2644923 composite?
True
Is 6403309 a prime number?
False
Is 9434561 composite?
False
Is 216003247 prime?
True
Is 313436569 a composite number?
False
Is 12104497 composite?
True
Is 111602373 a composite number?
True
Is 3255461 composite?
True
Is 5272791 composite?
True
Is 242434709 a composite number?
True
Is 4620507 composite?
True
Is 66054253 composite?
False
Is 88667341 composite?
True
Is 18605813 a prime number?
False
Is 5010083 a composite number?
True
Is 70989803 a prime number?
False
Is 6036857 a prime number?
True
Is 8494817 a prime number?
True
Is 2962 prim